ainder when 5694 is divided by 20.
14
Calculate the remainder when 2880 is divided by 93.
90
What is the remainder when 798 is divided by 50?
48
What is the remainder when 3041 is divided by 606?
11
What is the remainder when 217 is divided by 55?
52
What is the remainder when 7884 is divided by 58?
54
Calculate the remainder when 378 is divided by 43.
34
Calculate the remainder when 1096 is divided by 188.
156
Calculate the remainder when 315 is divided by 20.
15
What is the remainder when 433 is divided by 138?
19
Calculate the remainder when 405 is divided by 11.
9
What is the remainder when 1758 is divided by 43?
38
What is the remainder when 4667 is divided by 161?
159
What is the remainder when 5623 is divided by 74?
73
What is the remainder when 178 is divided by 54?
16
Calculate the remainder when 215 is divided by 101.
13
What is the remainder when 620 is divided by 69?
68
Calculate the remainder when 4007 is divided by 118.
113
Calculate the remainder when 29 is divided by 10.
9
Calculate the remainder when 7023 is divided by 7021.
2
What is the remainder when 106 is divided by 12?
10
What is the remainder when 140 is divided by 52?
36
What is the remainder when 12 is divided by 9?
3
Calculate the remainder when 150 is divided by 14.
10
Calculate the remainder when 678 is divided by 68.
66
Calculate the remainder when 293 is divided by 11.
7
What is the remainder when 3865 is divided by 53?
49
What is the remainder when 20711 is divided by 11?
9
Calculate the remainder when 307 is divided by 13.
8
Calculate the remainder when 5606 is divided by 73.
58
Calculate the remainder when 52 is divided by 11.
8
Calculate the remainder when 4229 is divided by 141.
140
Calculate the remainder when 204 is divided by 10.
4
What is the remainder when 8316 is divided by 13?
9
Calculate the remainder when 15916 is divided by 234.
4
Calculate the remainder when 1938 is divided by 640.
18
Calculate the remainder when 215 is divided by 63.
26
What is the remainder when 323 is divided by 23?
1
What is the remainder when 1033 is divided by 207?
205
What is the remainder when 1343 is divided by 64?
63
What is the remainder when 936 is divided by 93?
6
Calculate the remainder when 1113 is divided by 18.
15
Calculate the remainder when 757 is divided by 51.
43
Calculate the remainder when 2734 is divided by 19.
17
Calculate the remainder when 206 is divided by 30.
26
What is the remainder when 514 is divided by 2?
0
What is the remainder when 109 is divided by 7?
4
What is the remainder when 527 is divided by 14?
9
Calculate the remainder when 121 is divided by 42.
37
Calculate the remainder when 3063 is divided by 59.
54
Calculate the remainder when 130 is divided by 20.
10
Calculate the remainder when 3267 is divided by 109.
106
Calculate the remainder when 90 is divided by 1.
0
Calculate the remainder when 6489 is divided by 110.
109
What is the remainder when 5682 is divided by 66?
6
Calculate the remainder when 64 is divided by 22.
20
Calculate the remainder when 76 is divided by 21.
13
What is the remainder when 522 is divided by 23?
16
What is the remainder when 678 is divided by 225?
3
Calculate the remainder when 760 is divided by 749.
11
What is the remainder when 37 is divided by 12?
1
Calculate the remainder when 195 is divided by 61.
12
Calculate the remainder when 870 is divided by 68.
54
Calculate the remainder when 137 is divided by 54.
29
What is the remainder when 33 is divided by 3?
0
Calculate the remainder when 338 is divided by 7.
2
What is the remainder when 317 is divided by 108?
101
What is the remainder when 283 is divided by 19?
17
Calculate the remainder when 2608 is divided by 2.
0
What is the remainder when 44 is divided by 15?
14
What is the remainder when 53 is divided by 40?
13
What is the remainder when 958 is divided by 31?
28
Calculate the remainder when 107 is divided by 36.
35
Calculate the remainder when 11 is divided by 10.
1
Calculate the remainder when 753 is divided by 42.
39
What is the remainder when 360 is divided by 91?
87
What is the remainder when 4015 is divided by 8?
7
Calculate the remainder when 198 is divided by 113.
85
What is the remainder when 799 is divided by 266?
1
What is the remainder when 11653 is divided by 31?
28
What is the remainder when 6462 is divided by 5?
2
Calculate the remainder when 118 is divided by 4.
2
What is the remainder when 934 is divided by 86?
74
Calculate the remainder when 31 is divided by 1.
0
What is the remainder when 1149 is divided by 105?
99
What is the remainder when 949 is divided by 17?
14
What is the remainder when 65 is divided by 12?
5
Calculate the remainder when 5536 is divided by 1841.
13
What is the remainder when 92 is divided by 31?
30
What is the remainder when 479 is divided by 23?
19
What is the remainder when 32 is divided by 5?
2
Calculate the remainder when 302 is divided by 21.
8
Calculate the remainder when 4142 is divided by 37.
35
Calculate the remainder when 458 is divided by 93.
86
Calculate the remainder when 320 is divided by 9.
5
Calculate the remainder when 9455 is divided by 7.
5
Calculate the remainder when 3998 is divided by 14.
8
What is the remainder when 43 is divided by 19?
5
What is the remainder when 106 is divided by 97?
9
Calculate the remainder when 1487 is divided by 12.
11
Calculate the remainder when 730 is divided by 185.
175
Calculate the remainder when 48 is divided by 32.
16
What is the remainder when 1802 is divided by 201?
194
What is the remainder when 607 is divided by 8?
7
What is the remainder when 3923 is divided by 17?
13
What is the remainder when 6316 is divided by 71?
68
What is the remainder when 1466 is divided by 63?
17
What is the remainder when 474 is divided by 34?
32
Calculate the remainder when 106 is divided by 54.
52
What is the remainder when 128 is divided by 89?
39
Calculate the remainder when 855 is divided by 135.
45
Calculate the remainder when 87 is divided by 85.
2
Calculate the remainder when 483 is divided by 158.
9
What is the remainder when 50 is divided by 25?
0
What is the remainder when 34 is divided by 18?
16
What is the remainder when 2651 is divided by 51?
50
What is the remainder when 2727 is divided by 78?
75
Calculate the remainder when 4280 is divided by 37.
25
What is the remainder when 1592 is divided by 390?
32
What is the remainder when 31 is divided by 10?
1
Calculate the remainder when 168 is divided by 34.
32
What is the remainder when 779 is divided by 286?
207
Calculate the remainder when 29 is divided by 26.
3
What is the remainder when 324 is divided by 65?
64
What is the remainder when 2020 is divided by 86?
42
Calculate the remainder when 2402 is divided by 110.
92
Calculate the remainder when 829 is divided by 13.
10
What is the remainder when 239 is divided by 62?
53
Calculate the remainder when 49 is divided by 10.
9
Calculate the remainder when 1266 is divided by 57.
12
Calculate the remainder when 610 is divided by 68.
66
What is the remainder when 1001 is divided by 33?
11
Calculate the remainder when 3738 is divided by 29.
26
Calculate the remainder when 99 is divided by 65.
34
What is the remainder when 308 is divided by 99?
11
What is the remainder when 45 is divided by 16?
13
What is the remainder when 3709 is divided by 32?
29
Calculate the remainder when 271 is divided by 134.
3
What is the remainder when 334 is divided by 24?
22
Calculate the remainder when 2086 is divided by 419.
410
Calculate the remainder when 4341 is divided by 26.
25
Calculate the remainder when 1049 is divided by 342.
23
What is the remainder when 237 is divided by 97?
43
Calculate the remainder when 354 is divided by 40.
34
Calculate the remainder when 2218 is divided by 10.
8
Calculate the remainder when 215 is divided by 11.
6
Calculate the remainder when 135 is divided by 34.
33
Calculate the remainder when 281 is divided by 18.
11
Calculate the remainder when 70 is divided by 12.
10
Calculate the remainder when 300 is divided by 38.
34
Calculate the remainder when 805 is divided by 136.
125
Calculate the remainder when 1473 is divided by 421.
210
Calculate the remainder when 952 is divided by 106.
104
What is the remainder when 201 is divided by 190?
11
What is the remai